is the greatest common factor of h and x?
6
Suppose -11*c - 22*c = 47*c - 23760. What is the highest common factor of c and 264?
33
Suppose 1379 = 5*p + 2*p. Suppose p*k - 195*k = 30. What is the greatest common divisor of k and 195?
15
Let h be (-31944)/88 + (4 - 1*-1). Let n be 2*(-3)/(-9) - h/3. What is the highest common divisor of 160 and n?
40
Suppose 20*z = 15810 + 3735 + 28155. Calculate the highest common factor of 30 and z.
15
Let t = -6066 - -6146. Let j = 5 + -3. Suppose -2*o - 7 = -3*r + 31, j*o - 12 = -2*r. Calculate the greatest common factor of r and t.
10
Let y = 17667 + -17644. Calculate the highest common factor of 4163 and y.
23
Suppose -3*p - 764 = -2*y, -20*y + 4*p = -16*y - 1512. What is the highest common divisor of 4292 and y?
74
Let g(o) = 2*o**3 - 9*o**2 - 13*o - 4. Let k be g(14). What is the greatest common factor of k and 244?
122
Suppose 0 = -1140*c + 1113*c + 2565. Calculate the greatest common divisor of c and 3895.
95
Suppose 0 = -3*b - 2*m + 361, -3*b + 199 + 186 = -4*m. What is the greatest common divisor of 4469 and b?
41
Let a(k) = 49*k - 239. Let b be a(7). What is the highest common factor of b and 26?
26
Suppose 10*z = 6*z - 4*r + 16, 0 = r. Suppose z*f - 6 = 2. Let l be (-576)/(-27) - f/(-3). What is the greatest common divisor of 2 and l?
2
Let v = 1761 - 1101. Suppose 88 = 2*n + 4*r, 0 = 3*n - 5*r - 308 + 88. Calculate the greatest common factor of n and v.
60
Suppose 98 - 268 = -7*x + 250. Calculate the greatest common factor of x and 1390.
10
Suppose -2*d = -8, -6*p + 2*p = -d - 28. Let f be (p + -9)/(1/(-21)). Suppose 0 = 10*h - 153 - 127. What is the greatest common factor of f and h?
7
Suppose -34109 - 7196 = -74*g + 18487. What is the highest common divisor of 104 and g?
8
Suppose -29*b + 3*b = -6916. What is the greatest common factor of b and 42?
14
Suppose -32*a = -3311 + 8751. Let m = 182 + a. What is the highest common divisor of 42 and m?
6
Let a(t) = t**3 - t**2 + 4. Let i = -345 + 349. Let g be a(i). Calculate the greatest common factor of g and 234.
26
Let d = 15345 + -5993. Calculate the greatest common factor of d and 14.
14
Let l(b) = 4476*b**2 + 10*b - 4477*b**2 - 3 + 1. Let k be l(3). Calculate the greatest common factor of k and 247.
19
Let s be ((-2)/(-6))/((-37)/(-15054042)*19). Calculate the highest common factor of 86 and s.
86
Suppose -3*r + 6772 = 2*a, 12*a + 9062 = 4*r + 10*a. Calculate the greatest common factor of 18 and r.
6
Let r(c) = 5*c**2 - 178*c. Let a be r(45). What is the greatest common factor of 180 and a?
45
Let v = 3217 - 2027. Suppose 5*l + 2*m - v = 251, 0 = 4*l - 4*m - 1164. What is the highest common divisor of l and 85?
17
Suppose -270 = -3*r + 2*q - 30, r + q - 75 = 0. Let k be ((-3960)/(-825))/(1/130). What is the highest common divisor of k and r?
78
Let f be (2*3)/(1/118*(-10)/(-35)). Calculate the greatest common divisor of 6 and f.
6
Suppose g - 5*g = -76. Let r = -147443 + 148203. What is the greatest common factor of g and r?
19
Let i = -14615 - -15088. What is the highest common divisor of 33 and i?
11
Let q = 9 + -3. Let g be 0 - -7 - 2*(7 - q). Let x(v) = v + 9. Let w be x(-4). Calculate the greatest common factor of g and w.
5
Suppose 2*m + 25*z - 646 = 23*z, -m + 5*z = -281. What is the greatest common factor of m and 79?
79
Suppose 4 = -g, 4*d - 24 = 2*d + 5*g. Suppose 0 = -2*v + d*o - 4 + 10, o = 0. Suppose 0 = -2*q + 32 + 22. Calculate the highest common factor of q and v.
3
Let j(f) = -f**2 - 50*f - 253. Let z be j(-12). What is the greatest common divisor of z and 116?
29
Let r be (-6)/8 + 15/20. Let g be -3 + 22 + (r - 3). Suppose 0 = -4*d + 12, -y - 2*d + 454 = 3*y. What is the greatest common factor of g and y?
16
Suppose 8*o - 24*o + 160 = 0. Suppose -6*v = -3*g - o*v + 111, 148 = 4*g + 2*v. What is the highest common divisor of 407 and g?
37
Let r be (-2 - 2)*(-10 + 1 + 7). Let o(i) = i**3 - 2*i**2 + 2*i - 4. Let x be o(6). What is the greatest common factor of r and x?
8
Let v be (-22)/(-55) + 103*(-4)/(-20). Suppose 5*m - 3*m = 98. Calculate the greatest common factor of m and v.
7
Suppose -936 = 16*b - 55*b. Suppose -273 = d - 1075. Suppose 4*j + 130 - d = 0. What is the highest common divisor of j and b?
24
Suppose 751 = 38*t - 3695. Calculate the highest common divisor of t and 7137.
117
Suppose -2*q - q = -279. Suppose -534*w + 530*w = 5*x - 293, w - 53 = x. Calculate the greatest common factor of w and q.
31
Let s(n) = n**3 - 2*n**2 - n. Let l be s(4). Suppose 4 = 2*c - 20. Let w be (-1)/(c/(-224))*3. Calculate the highest common divisor of w and l.
28
Let p = 107 + -94. Suppose -12*r + p = -11. Suppose -3*n + 104 = -d - 43, 5*d = -r*n + 115. Calculate the greatest common divisor of 20 and n.
10
Suppose -6 = 42*q - 44*q. Let j be 6/(-4)*23*(-4)/q. Let o be (3 - (-693)/22)/((-2)/(-4)). What is the greatest common factor of j and o?
23
Let i = -118479 - -118485. Let n = -135 - -309. Calculate the greatest common divisor of i and n.
6
Let i(d) = 3*d + 16. Let j be i(-5). Let u be 9 + 76 - 3/j. Let f = 14 + u. Calculate the highest common divisor of 12 and f.
12
Let f(h) = -5*h**2 - 11*h - 13. Let k be f(-6). Let c = 31 - k. Suppose 2*o = c - 60. What is the highest common factor of o and 196?
49
Suppose -17*w = -5*w - 3552. Let y be (-74)/w + (-117)/(-4). Calculate the highest common divisor of y and 493.
29
Let r(k) = -2*k + 272. Let d be r(-17). Let i = 337 - d. What is the greatest common factor of 31 and i?
31
Let k(d) = 3*d**2 + 19*d + 3. Let c be k(-7). Let i be 30/60 - 14/(-4). Let q(z) = 3*z + 5. Let u be q(i). What is the greatest common factor of u and c?
17
Let w be (-1)/((-2)/(10/1)). Suppose -54*x + 12555 = 27*x - 0*x. What is the greatest common divisor of w and x?
5
Let j = 33396 - 33366. Calculate the highest common factor of 11580 and j.
30
Let l be (0 + -4*3/(-6))/(34/1836). What is the highest common factor of 270 and l?
54
Suppose 4*o - 20600 = -5*p - 2592, 4*p - 14428 = 4*o. Calculate the greatest common factor of 102 and p.
34
Let d(y) = -120*y + 63. Let w be d(-6). Suppose -k - 6*b + 778 = -8*b, w = k - 3*b. Calculate the highest common divisor of k and 12.
12
Suppose 627 = -94*i + 95*i. What is the greatest common divisor of 77 and i?
11
Suppose 0 = -5*r - 43 + 218. Suppose -5*i = r + 15. Let k be (-665)/(-38) - i/(-4). Calculate the highest common factor of k and 15.
15
Let r = 8937 - 5220. Calculate the highest common divisor of 126 and r.
63
Let k be (1092/(-234))/((-1)/96). Let r = 1213 - k. Calculate the highest common factor of r and 85.
85
Suppose -3*f + 0*f + 312 = 0. Let c = -5075 + 5101. Calculate the highest common divisor of c and f.
26
Suppose -3*q + 10 = -5*q. Let s(c) = 7*c**2 + 4*c + 529 + 549 - 1058. Let j be s(q). Calculate the greatest common divisor of j and 70.
35
Let m = -80 + 86. Suppose 0 = m*u - 174 - 222. What is the highest common factor of u and 6?
6
Let p = 88 + -38. Suppose 43*z - 46*z + 42 = 0. Let l = z - -111. Calculate the greatest common factor of p and l.
25
Let l = 7830 + -2655. What is the highest common factor of l and 138?
69
Let d(a) = 22*a**2 - 2. Let g be d(2). Suppose 1833 = 15*y - 11033 - 6484. What is the highest common factor of g and y?
86
Let f = -2 + 3. Let c = 139 - 174. Let p be ((-72)/504)/(1/c). Calculate the highest common divisor of f and p.
1
Let i be (-42)/(-9)*(12/20)/((-2)/(-15)). What is the greatest common factor of 903 and i?
21
Let o = -31 - -31. Suppose o*z + 13*z - 1755 = 0. What is the greatest common factor of z and 54?
27
Let c be (296/(-28))/(222/28 - 8) + 2. What is the highest common factor of c and 30?
30
Suppose 3*z + 5*f = 610, 2*z = 2*f - 0*f + 428. Let p = -1033547 - -1033637. What is the highest common divisor of z and p?
30
Let a(v) = -v**3 + 11*v**2 - 9*v. Let m be a(10). Let y(u) = -15*u + 4*u - 8 + m*u - 2*u. Let b be y(-5). What is the greatest common factor of b and 56?
7
Let a(q) = -288*q - 404. Let y be a(-4). What is the highest common divisor of 476 and y?
68
Suppose 5*m + 5*p - 440 = 0, 7*m = 3*m - 5*p + 353. Let n = 98 - m. Let g be (n/(231/(-78)))/(2/(-14)). Calculate the highest common factor of 52 and g.
26
Suppose -y - 5 = 0, -7*d + 76 = -6*d + y. What is the greatest common factor of 5400 and d?
27
Suppose